75915.
755
What is the highest common factor of 1620991662 and 2787?
2787
What is the greatest common divisor of 49021 and 322749?
329
What is the greatest common factor of 1339728 and 37392?
912
Calculate the highest common divisor of 26079114 and 384735.
5919
Calculate the highest common divisor of 70499376 and 3024.
432
Calculate the greatest common factor of 1148 and 357423486.
574
What is the highest common divisor of 24 and 53066712?
24
Calculate the highest common divisor of 10505 and 50545.
55
What is the greatest common divisor of 15175 and 2299?
1
Calculate the highest common factor of 137228490 and 105.
105
Calculate the highest common factor of 588727 and 1615.
17
Calculate the highest common divisor of 131190 and 22890.
30
Calculate the highest common factor of 60700872 and 3.
3
Calculate the highest common divisor of 119352336 and 1104.
1104
Calculate the highest common divisor of 12 and 9687804.
12
What is the greatest common divisor of 118804374 and 39?
39
Calculate the highest common divisor of 291 and 18341439.
291
What is the greatest common factor of 30677 and 259?
1
What is the greatest common factor of 49862340 and 20?
20
What is the greatest common divisor of 36456 and 54312?
744
Calculate the greatest common divisor of 8325 and 17402025.
2775
What is the greatest common divisor of 153 and 89460171?
153
What is the highest common divisor of 3277376 and 600896?
2624
Calculate the highest common divisor of 1206 and 80978344.
134
What is the highest common factor of 7123065 and 23080?
2885
Calculate the greatest common divisor of 1778090512 and 264.
88
What is the highest common divisor of 498486 and 86722?
662
What is the greatest common factor of 3269420 and 18755?
605
Calculate the greatest common factor of 5886561 and 1647.
183
Calculate the highest common factor of 113354 and 11155622.
722
What is the highest common divisor of 1405 and 6620079?
281
Calculate the highest common divisor of 616059 and 261.
9
Calculate the highest common factor of 56563550 and 100.
50
What is the greatest common factor of 99515856 and 3520?
176
What is the highest common divisor of 1379136 and 4608?
192
Calculate the greatest common divisor of 18913771 and 17168.
1073
Calculate the greatest common divisor of 10906 and 89642.
266
Calculate the highest common divisor of 14984424 and 126.
126
Calculate the highest common factor of 328876926 and 294.
294
What is the greatest common divisor of 514538 and 1364?
62
Calculate the greatest common factor of 562944 and 5352366.
4398
What is the greatest common divisor of 5779992 and 368?
184
What is the highest common divisor of 38100 and 216199212?
1524
Calculate the greatest common divisor of 11 and 17503871.
11
What is the highest common divisor of 543 and 23840958?
543
What is the greatest common divisor of 28080 and 286?
26
What is the greatest common divisor of 28634 and 149564?
278
Calculate the greatest common factor of 325183375 and 1342.
671
Calculate the highest common divisor of 61696 and 37837.
241
Calculate the greatest common factor of 1194 and 87573333.
597
What is the greatest common divisor of 17 and 384701?
1
What is the greatest common factor of 37593730 and 322?
46
Calculate the highest common factor of 206608 and 48544.
592
Calculate the greatest common factor of 235168066 and 84.
14
What is the greatest common divisor of 20009660 and 380?
380
What is the greatest common factor of 623149 and 251346?
163
What is the highest common divisor of 74787316 and 332?
332
Calculate the greatest common divisor of 3338 and 6140251.
1669
What is the greatest common factor of 3119417800 and 430?
430
What is the highest common factor of 13116753 and 71?
71
What is the highest common factor of 49050 and 114117550?
5450
What is the greatest common divisor of 393965 and 3781?
19
Calculate the highest common factor of 475623247 and 1804.
451
What is the highest common factor of 3366370 and 910?
70
What is the highest common factor of 5820 and 505644510?
2910
Calculate the greatest common factor of 32 and 206903968.
32
What is the highest common divisor of 11576 and 1153259?
1447
What is the greatest common divisor of 92462142 and 12?
6
What is the greatest common divisor of 34579386 and 15984?
1998
Calculate the highest common divisor of 66525675 and 1020.
255
What is the highest common factor of 8 and 23050744?
8
Calculate the highest common divisor of 55088 and 4782014.
626
What is the highest common factor of 3264 and 42474432?
3264
Calculate the greatest common divisor of 156 and 4218377592.
156
Calculate the greatest common divisor of 3702936 and 132.
12
What is the greatest common divisor of 407989670 and 110?
110
What is the greatest common factor of 41933477 and 191?
191
What is the highest common divisor of 7 and 14478926?
7
What is the highest common divisor of 57672226 and 262?
262
Calculate the highest common factor of 219575 and 68481051.
8783
What is the greatest common divisor of 4683000 and 9450?
1050
Calculate the highest common divisor of 12595225 and 381.
127
Calculate the greatest common divisor of 1314457 and 60653.
463
What is the highest common divisor of 1651424 and 72?
8
What is the greatest common divisor of 93941179 and 1044?
29
Calculate the highest common divisor of 5325837 and 506064.
2433
Calculate the greatest common factor of 3734 and 86505578.
3734
What is the greatest common divisor of 1950640 and 4840?
40
What is the greatest common factor of 5670 and 15563340?
810
What is the highest common factor of 3704505 and 6195?
105
Calculate the highest common divisor of 1639971 and 9306.
423
Calculate the greatest common factor of 18 and 32303862.
18
Calculate the highest common divisor of 3671871 and 63.
21
Calculate the greatest common divisor of 15540 and 40740.
420
What is the greatest common divisor of 173640 and 357390?
30
What is the greatest common factor of 1718 and 270035240?
1718
What is the highest common divisor of 33 and 746750741?
11
What is the highest common divisor of 3671940 and 13148?
76
Calculate the highest common factor of 3966 and 28230.
6
What is the highest common factor of 88148 and 908?
4
Calculate the greatest common factor of 1693524 and 378.
42
What is the greatest common divisor of 2233838 and 4144?
74
Calculate the greatest common factor of 2419059 and 41693.
173
What is the highest common factor of 53186 and 4217283?
917
What is the greatest common divisor of 218229837 and 21?
21
What is the greatest common factor of 169803 and 2567236?
331
Calculate the greatest common factor of 44755248 and 312.
24
Calculate the highest common divisor of 1785 and 148052065.
595
Calculate the highest common factor of 6062820 and 510.
30
Calculate the highest common divisor of 1176032 and 76843.
3341
What is the highest common divisor of 475244790 and 60?
30
Calculate the greatest common divisor of 524 and 53480881.
131
What is the greatest common divisor of 9149386 and 536?
134
What is the greatest common factor of 78232 and 219604336?
7112
Calculate the greatest common factor of 19789 and 549980.
257
What is the greatest common divisor of 5 and 839443120?
5
Calculate the highest common divisor of 54 and 5567634.
18
What is the greatest common divisor of 664453349 and 434?
217
Calculate the highest common divisor of 6371 and 738898.
23
What is the highest common factor of 67795 and 119210?
455
Calculate the highest common divisor of 203853 and 17940.
39
Calculate the greatest common factor of 75 and 14072200.
25
Calculate the highest common factor of 14574 and 10185.
21
Calculate the highest common factor of 83242356 and 84.
12
What is the greatest common factor of 144 and 2019632?
16
Calculate the highest common factor of 1010965 and 61360.
295
What is the greatest common factor of 23634 and 388674?
234
What is the greatest common factor of 93536 and 458516?
316
What is the greatest common divisor of 360 and 288813870?
90
What is the highest common factor of 2308551 and 7815?
1563
Calculate the highest common divisor of 221582453 and 53.
53
What is the greatest common divisor of 11557736 and 37408?
1336
What is the greatest common factor of 35259349 and 1167?
389
What is the highest common factor of 184110 and 94?
2
What is the highest common div